{"id":164,"date":"2021-06-10T08:52:58","date_gmt":"2021-06-10T06:52:58","guid":{"rendered":"https:\/\/optimaconcept.fr\/?page_id=164"},"modified":"2021-08-23T12:29:07","modified_gmt":"2021-08-23T10:29:07","slug":"cookie-policy","status":"publish","type":"page","link":"https:\/\/optimaconcept.fr\/index.php\/cookie-policy\/","title":{"rendered":"Politique de confidentialit\u00e9 &#038; cookies"},"content":{"rendered":"<div class=\"cli_pg_page_contaner\">\n<h3>Politique de confidentialit\u00e9<\/h3>\n<div>Cette politique en mati\u00e8re de cookies explique ce que sont les cookies et comment nous les utilisons, les types de cookies que nous utilisons, c&rsquo;est-\u00e0-dire les informations que nous collectons \u00e0 l&rsquo;aide de cookies et comment ces informations sont utilis\u00e9es, et comment contr\u00f4ler les pr\u00e9f\u00e9rences en mati\u00e8re de cookies.<\/div>\n<div><\/div>\n<div>Vous pouvez \u00e0 tout moment modifier ou retirer votre consentement de la d\u00e9claration relative aux cookies sur notre site WebEn savoir plus sur qui nous sommes, comment vous pouvez nous contacter et comment nous traitons les donn\u00e9es personnelles dans notre politique de confidentialit\u00e9.Votre consentement s&rsquo;applique aux domaines suivants :<\/div>\n<div><\/div>\n<div>\n<h3>Que sont les cookies ?<\/h3>\n<p>Les cookies sont de petits fichiers texte qui sont utilis\u00e9s pour stocker de petites informations. Ils sont stock\u00e9s sur votre appareil lorsque le site Web est charg\u00e9 sur votre navigateur. Ces cookies nous aident \u00e0 faire fonctionner correctement le site Web, \u00e0 le rendre plus s\u00fbr, \u00e0 offrir une meilleure exp\u00e9rience utilisateur, \u00e0 comprendre comment le site Web fonctionne et \u00e0 analyser ce qui fonctionne et o\u00f9 il doit \u00eatre am\u00e9lior\u00e9.<br \/>\nComment utilisons-nous les cookies ?<\/p>\n<p>Comme la plupart des services en ligne, notre site Web utilise des cookies propri\u00e9taires et tiers \u00e0 plusieurs fins. Les cookies internes sont principalement n\u00e9cessaires au bon fonctionnement du site Web et ils ne collectent aucune de vos donn\u00e9es personnellement identifiables.<\/p>\n<p>Les cookies tiers utilis\u00e9s sur notre site Web servent principalement \u00e0 comprendre le fonctionnement du site Web, la fa\u00e7on dont vous interagissez avec notre site Web, la s\u00e9curit\u00e9 de nos services, la fourniture de publicit\u00e9s pertinentes pour vous et, dans l&rsquo;ensemble, un meilleur utilisateur. exp\u00e9rience et aider \u00e0 acc\u00e9l\u00e9rer vos futures interactions avec notre site Web.<\/p>\n<h3>Quels types de cookies utilisons-nous ?<\/h3>\n<p>Essentiel : Certains cookies sont essentiels pour que vous puissiez profiter de toutes les fonctionnalit\u00e9s de notre site. Ils nous permettent de maintenir les sessions utilisateur et de pr\u00e9venir toute menace de s\u00e9curit\u00e9. Ils ne collectent ni ne stockent aucune information personnelle. Par exemple, ces cookies vous permettent de vous connecter \u00e0 votre compte et d&rsquo;ajouter des produits \u00e0 votre panier, et de passer \u00e0 la caisse en toute s\u00e9curit\u00e9.<\/p>\n<p>Statistiques\u00a0: ces cookies stockent des informations telles que le nombre de visiteurs sur le site Web, le nombre de visiteurs uniques, les pages du site Web qui ont \u00e9t\u00e9 visit\u00e9es, la source de la visite, etc. Ces donn\u00e9es nous aident \u00e0 comprendre et \u00e0 analyser les performances du site Web. et o\u00f9 il a besoin d&rsquo;\u00eatre am\u00e9lior\u00e9.<\/p>\n<p>Marketing : Notre site Web affiche des publicit\u00e9s. Ces cookies sont utilis\u00e9s pour personnaliser les publicit\u00e9s que nous vous montrons afin qu&rsquo;elles soient significatives pour vous. Ces cookies nous aident \u00e9galement \u00e0 suivre l&rsquo;efficacit\u00e9 de ces campagnes publicitaires.<br \/>\nLes informations stock\u00e9es dans ces cookies peuvent \u00e9galement \u00eatre utilis\u00e9es par les fournisseurs de publicit\u00e9 tiers pour vous montrer \u00e9galement des publicit\u00e9s sur d&rsquo;autres sites Web sur le navigateur.<\/p>\n<p>Fonctionnel : Il s&rsquo;agit des cookies qui aident certaines fonctionnalit\u00e9s non essentielles de notre site Web. Ces fonctionnalit\u00e9s incluent l&rsquo;int\u00e9gration de contenu comme des vid\u00e9os ou le partage de contenu du site Web sur les plateformes de m\u00e9dias sociaux.<\/p>\n<p>Pr\u00e9f\u00e9rences\u00a0: ces cookies nous aident \u00e0 stocker vos param\u00e8tres et vos pr\u00e9f\u00e9rences de navigation, comme les pr\u00e9f\u00e9rences de langue, afin que vous ayez une exp\u00e9rience meilleure et efficace lors de vos futures visites sur le site Web.<br \/>\nComment puis-je contr\u00f4ler les pr\u00e9f\u00e9rences en mati\u00e8re de cookies ?<\/p>\n<p>Si vous d\u00e9cidez de modifier vos pr\u00e9f\u00e9rences ult\u00e9rieurement au cours de votre session de navigation, vous pouvez cliquer sur l&rsquo;onglet \u00ab\u00a0Politique de confidentialit\u00e9 et de cookies\u00a0\u00bb sur votre \u00e9cran. Cela affichera \u00e0 nouveau l&rsquo;avis de consentement vous permettant de modifier vos pr\u00e9f\u00e9rences ou de retirer compl\u00e8tement votre consentement.<\/p>\n<p>En plus de cela, diff\u00e9rents navigateurs proposent diff\u00e9rentes m\u00e9thodes pour bloquer et supprimer les cookies utilis\u00e9s par les sites Web. Vous pouvez modifier les param\u00e8tres de votre navigateur pour bloquer\/supprimer les cookies. Pour en savoir plus sur la gestion et la suppression des cookies, visitez wikipedia.org, www.allaboutcookies.org.<\/p>\n<\/div>\n<h1><\/h1>\n<h2><strong>Collecte des renseignements personnels<\/strong><\/h2>\n<p>Nous collectons les renseignements suivants :<\/p>\n<ul>\n<li>Nom<\/li>\n<li>Pr\u00e9nom<\/li>\n<li>Num\u00e9ro de telephone<\/li>\n<li>Adresse \u00e9lectronique<\/li>\n<li>Message &#8211; demande le cas \u00e9ch\u00e9ant.<\/li>\n<\/ul>\n<p>Les renseignements personnels que nous collectons sont recueillis au travers de formulaires et gr\u00e2ce \u00e0 l\u2019interactivit\u00e9 \u00e9tablie entre vous et notre site Web. Nous utilisons \u00e9galement, comme indiqu\u00e9 dans la section suivante, des fichiers t\u00e9moins et\/ou journaux pour r\u00e9unir des informations vous concernant.<\/p>\n<h2><strong>Formulaires\u00a0 et interactivit\u00e9<br \/>\n<\/strong><\/h2>\n<p>Vos renseignements personnels sont collect\u00e9s par le biais de formulaire, \u00e0 savoir :<\/p>\n<p>Nous utilisons les renseignements ainsi collect\u00e9s pour les finalit\u00e9s suivantes :<\/p>\n<ul>\n<li>Contact<\/li>\n<\/ul>\n<p>Nous utilisons les renseignements ainsi collect\u00e9s pour les finalit\u00e9s suivantes :<\/p>\n<ul>\n<li>Correspondance<\/li>\n<li>Informations ou pour des offres promotionnelles<\/li>\n<\/ul>\n<h2><strong>Droit d\u2019opposition et de retrait<\/strong><\/h2>\n<p>Nous nous engageons \u00e0 vous offrir un droit d\u2019opposition et de retrait quant \u00e0 vos renseignements personnels.<br \/>\nLe droit d\u2019opposition s\u2019entend comme \u00e9tant la possibilit\u00e9 offerte aux internautes de refuser que leurs renseignements personnels soient utilis\u00e9es \u00e0 certaines fins mentionn\u00e9es lors de la collecte.<\/p>\n<p>Le droit de retrait s\u2019entend comme \u00e9tant la possibilit\u00e9 offerte aux internautes de demander \u00e0 ce que leurs renseignements personnels ne figurent plus, par exemple, dans une liste de diffusion.<\/p>\n<p>Pour pouvoir exercer ces droits, vous pouvez :<br \/>\nCode postal : 17 Avenue de Bertherigues, Barbentane 13570<br \/>\nCourriel : optima @ optimaconcept point fr<br \/>\nT\u00e9l\u00e9phone : 04 90 88 40 82<\/p>\n<h2><strong>Droit d\u2019acc\u00e8s<\/strong><\/h2>\n<p>Nous nous engageons \u00e0 reconna\u00eetre un droit d\u2019acc\u00e8s et de rectification aux personnes concern\u00e9es d\u00e9sireuses de consulter, modifier, voire radier les informations les concernant.<br \/>\nL\u2019exercice de ce droit se fera :<br \/>\nCode postal : 17 Avenue de Bertherigues, Barbentane 13570<br \/>\nCourriel : optima @ optimaconcept point fr<br \/>\nT\u00e9l\u00e9phone : 04 90 88 40 82<\/p>\n<h2><strong>S\u00e9curit\u00e9<\/strong><\/h2>\n<p>Les renseignements personnels que nous collectons sont conserv\u00e9s dans un environnement s\u00e9curis\u00e9. Les personnes travaillant pour nous sont tenues de respecter la confidentialit\u00e9 de vos informations.<br \/>\nPour assurer la s\u00e9curit\u00e9 de vos renseignements personnels, nous avons recours aux mesures suivantes :<\/p>\n<ul>\n<li>Protocole SSL (Secure Sockets Layer)<\/li>\n<li>Sauvegarde informatique<\/li>\n<li>D\u00e9veloppement de certificat num\u00e9rique<\/li>\n<li>Identifiant \/ mot de passe<\/li>\n<li>Pare-feu (Firewalls)<\/li>\n<\/ul>\n<p>Nous nous engageons \u00e0 maintenir un haut degr\u00e9 de confidentialit\u00e9 en int\u00e9grant les derni\u00e8res innovations technologiques permettant d\u2019assurer la confidentialit\u00e9 de vos transactions. Toutefois, comme aucun m\u00e9canisme n\u2019offre une s\u00e9curit\u00e9 maximale, une part de risque est toujours pr\u00e9sente lorsque l\u2019on utilise Internet pour transmettre des renseignements personnels<\/p>\n<h2><strong>Conditions d\u2019acc\u00e8s par des tiers de vos donn\u00e9es personnelles<br \/>\n<\/strong><\/h2>\n<p><strong>Nous devons partager vos donn\u00e9es personnelles avec des destinataires internes et externes, dans les conditions suivantes :<\/strong><\/p>\n<ul>\n<li>Services Informatiques (gestion des mailing) ;<\/li>\n<li>Partenaires commerciaux et services marketing ;<\/li>\n<li>Prestataires de services externes : Sous-traitant informatique, imprimeurs.<\/li>\n<li>Partenaires commerciaux.<\/li>\n<\/ul>\n<h2><strong>S\u00e9curit\u00e9 des donn\u00e9es<br \/>\n<\/strong><\/h2>\n<p>Optima Concept prend les mesures techniques et organisationnelles appropri\u00e9es, conform\u00e9ment aux dispositions l\u00e9gales applicables, pour prot\u00e9ger vos donn\u00e9es personnelles contre la destruction illicite ou accidentelle, la perte ou l\u2019alt\u00e9ration accidentelle, ou encore la divulgation ou l\u2019acc\u00e8s non autoris\u00e9. \u00c0 cette fin, nous avons mis en place des mesures techniques (telles que des pare-feux) et des mesures organisationnelles (telles qu\u2019un syst\u00e8me d\u2019identifiant \/ de mot de passe, des moyens de protection physique, etc\u2026).<\/p>\n<h2><strong>Cookies et autres traceurs<br \/>\n<\/strong><\/h2>\n<p>Optima Concept utilise des cookies et d\u2019autres traceurs sur son site web. Vous pouvez toutefois choisir \u00e0 tout moment de d\u00e9sactiver les cookies par le param\u00e9trage de votre navigateur.<\/p>\n<h2><strong>Conservation des donn\u00e9es<\/strong><\/h2>\n<p>Nous conservons vos donn\u00e9es personnelles uniquement pendant la p\u00e9riode n\u00e9cessaire aux fins expos\u00e9es dans la pr\u00e9sente charte ou conform\u00e9ment \u00e0 ce qui est pr\u00e9vu par la loi applicable.<\/p>\n<h2><strong>Mise \u00e0 jour<br \/>\n<\/strong><\/h2>\n<p>Nous pouvons modifier la pr\u00e9sente charte p\u00e9riodiquement. Par cons\u00e9quent, nous vous invitons \u00e0 consulter r\u00e9guli\u00e8rement cette charte.<\/p>\n<h2><strong>Questions et contact<br \/>\n<\/strong><\/h2>\n<p>Pour toutes questions concernant la politique de donn\u00e9es personnelles, merci de prendre contact avec nous \u00e0 l\u2019adresse suivante : optima @ optimaconcept point fr.<\/p>\n<\/div>\n","protected":false},"excerpt":{"rendered":"<p>Politique de confidentialit\u00e9 Cette politique en mati\u00e8re de cookies explique ce que sont les cookies et comment nous les utilisons, les types de cookies que nous utilisons, c&rsquo;est-\u00e0-dire les informations que nous collectons \u00e0 l&rsquo;aide de cookies et comment ces informations sont utilis\u00e9es, et comment contr\u00f4ler les pr\u00e9f\u00e9rences en mati\u00e8re de cookies. Vous pouvez \u00e0&hellip; <br \/> <a class=\"read-more\" href=\"https:\/\/optimaconcept.fr\/index.php\/cookie-policy\/\">Lire la suite<\/a><\/p>\n","protected":false},"author":1,"featured_media":0,"parent":0,"menu_order":0,"comment_status":"closed","ping_status":"closed","template":"","meta":{"footnotes":""},"class_list":["post-164","page","type-page","status-publish","hentry"],"_links":{"self":[{"href":"https:\/\/optimaconcept.fr\/index.php\/wp-json\/wp\/v2\/pages\/164","targetHints":{"allow":["GET"]}}],"collection":[{"href":"https:\/\/optimaconcept.fr\/index.php\/wp-json\/wp\/v2\/pages"}],"about":[{"href":"https:\/\/optimaconcept.fr\/index.php\/wp-json\/wp\/v2\/types\/page"}],"author":[{"embeddable":true,"href":"https:\/\/optimaconcept.fr\/index.php\/wp-json\/wp\/v2\/users\/1"}],"replies":[{"embeddable":true,"href":"https:\/\/optimaconcept.fr\/index.php\/wp-json\/wp\/v2\/comments?post=164"}],"version-history":[{"count":6,"href":"https:\/\/optimaconcept.fr\/index.php\/wp-json\/wp\/v2\/pages\/164\/revisions"}],"predecessor-version":[{"id":359,"href":"https:\/\/optimaconcept.fr\/index.php\/wp-json\/wp\/v2\/pages\/164\/revisions\/359"}],"wp:attachment":[{"href":"https:\/\/optimaconcept.fr\/index.php\/wp-json\/wp\/v2\/media?parent=164"}],"curies":[{"name":"wp","href":"https:\/\/api.w.org\/{rel}","templated":true}]}}